{"id":56,"date":"2024-07-11T08:01:24","date_gmt":"2024-07-11T08:01:24","guid":{"rendered":"https:\/\/kvinakjoreskole.no\/?page_id=56"},"modified":"2024-12-13T22:02:31","modified_gmt":"2024-12-13T20:02:31","slug":"bestill-kjoretime","status":"publish","type":"page","link":"https:\/\/kvinakjoreskole.no\/?page_id=56","title":{"rendered":"Kontakt oss"},"content":{"rendered":"\t\t<div data-elementor-type=\"wp-page\" data-elementor-id=\"56\" class=\"elementor elementor-56\">\n\t\t\t\t<div class=\"elementor-element elementor-element-276f827 e-flex e-con-boxed e-con e-parent\" data-id=\"276f827\" data-element_type=\"container\">\n\t\t\t\t\t<div class=\"e-con-inner\">\n\t\t\t\t<div class=\"elementor-element elementor-element-ae49e47 elementor-widget elementor-widget-heading\" data-id=\"ae49e47\" data-element_type=\"widget\" data-widget_type=\"heading.default\">\n\t\t\t\t<div class=\"elementor-widget-container\">\n\t\t\t\t\t<h2 class=\"elementor-heading-title elementor-size-default\">Lars Versland<\/h2>\t\t\t\t<\/div>\n\t\t\t\t<\/div>\n\t\t\t\t\t<\/div>\n\t\t\t\t<\/div>\n\t\t<div class=\"elementor-element elementor-element-210bd62 e-flex e-con-boxed e-con e-parent\" data-id=\"210bd62\" data-element_type=\"container\">\n\t\t\t\t\t<div class=\"e-con-inner\">\n\t\t<div class=\"elementor-element elementor-element-034f1c0 e-con-full e-flex e-con e-child\" data-id=\"034f1c0\" data-element_type=\"container\">\n\t\t\t\t<div class=\"elementor-element elementor-element-696176c elementor-widget elementor-widget-image\" data-id=\"696176c\" data-element_type=\"widget\" data-widget_type=\"image.default\">\n\t\t\t\t<div class=\"elementor-widget-container\">\n\t\t\t\t\t\t\t\t\t\t\t\t\t\t\t<img fetchpriority=\"high\" decoding=\"async\" width=\"676\" height=\"1014\" src=\"https:\/\/kvinakjoreskole.no\/wp-content\/uploads\/2024\/07\/Lars03-2-683x1024.jpg\" class=\"attachment-large size-large wp-image-104\" alt=\"\" srcset=\"https:\/\/kvinakjoreskole.no\/wp-content\/uploads\/2024\/07\/Lars03-2-683x1024.jpg 683w, https:\/\/kvinakjoreskole.no\/wp-content\/uploads\/2024\/07\/Lars03-2-200x300.jpg 200w, https:\/\/kvinakjoreskole.no\/wp-content\/uploads\/2024\/07\/Lars03-2-768x1152.jpg 768w, https:\/\/kvinakjoreskole.no\/wp-content\/uploads\/2024\/07\/Lars03-2-1024x1536.jpg 1024w, https:\/\/kvinakjoreskole.no\/wp-content\/uploads\/2024\/07\/Lars03-2.jpg 1181w\" sizes=\"(max-width: 676px) 100vw, 676px\" \/>\t\t\t\t\t\t\t\t\t\t\t\t\t\t\t<\/div>\n\t\t\t\t<\/div>\n\t\t\t\t<\/div>\n\t\t<div class=\"elementor-element elementor-element-0f3bac5 e-con-full e-flex e-con e-child\" data-id=\"0f3bac5\" data-element_type=\"container\">\n\t\t\t\t<div class=\"elementor-element elementor-element-07b9f5a elementor-widget elementor-widget-text-editor\" data-id=\"07b9f5a\" data-element_type=\"widget\" data-widget_type=\"text-editor.default\">\n\t\t\t\t<div class=\"elementor-widget-container\">\n\t\t\t\t\t\t\t\t\t<p>Lars er daglig og faglig leder samt trafikkl\u00e6rer ved kj\u00f8reskolen.<\/p>\n<p>Telefon 97 50 41 62<\/p>\n<p><a href=\"mailto:lars@kvinakjoreskole.no\">lars@kvinakjoreskole.no<\/a><\/p>\t\t\t\t\t\t\t\t<\/div>\n\t\t\t\t<\/div>\n\t\t\t\t<\/div>\n\t\t\t\t\t<\/div>\n\t\t\t\t<\/div>\n\t\t<div class=\"elementor-element elementor-element-18fbd75 e-flex e-con-boxed e-con e-parent\" data-id=\"18fbd75\" data-element_type=\"container\">\n\t\t\t\t\t<div class=\"e-con-inner\">\n\t\t\t\t<div class=\"elementor-element elementor-element-a401793 elementor-widget elementor-widget-heading\" data-id=\"a401793\" data-element_type=\"widget\" data-widget_type=\"heading.default\">\n\t\t\t\t<div class=\"elementor-widget-container\">\n\t\t\t\t\t<h2 class=\"elementor-heading-title elementor-size-default\">Erik Rafoss<\/h2>\t\t\t\t<\/div>\n\t\t\t\t<\/div>\n\t\t\t\t\t<\/div>\n\t\t\t\t<\/div>\n\t\t<div class=\"elementor-element elementor-element-f33932f e-flex e-con-boxed e-con e-parent\" data-id=\"f33932f\" data-element_type=\"container\">\n\t\t\t\t\t<div class=\"e-con-inner\">\n\t\t<div class=\"elementor-element elementor-element-6bb69e6 e-con-full e-flex e-con e-child\" data-id=\"6bb69e6\" data-element_type=\"container\">\n\t\t\t\t<div class=\"elementor-element elementor-element-86d5cae elementor-widget elementor-widget-image\" data-id=\"86d5cae\" data-element_type=\"widget\" data-widget_type=\"image.default\">\n\t\t\t\t<div class=\"elementor-widget-container\">\n\t\t\t\t\t\t\t\t\t\t\t\t\t\t\t<img decoding=\"async\" width=\"676\" height=\"1015\" src=\"https:\/\/kvinakjoreskole.no\/wp-content\/uploads\/2024\/07\/Erik07-2-682x1024.jpg\" class=\"attachment-large size-large wp-image-105\" alt=\"\" srcset=\"https:\/\/kvinakjoreskole.no\/wp-content\/uploads\/2024\/07\/Erik07-2-682x1024.jpg 682w, https:\/\/kvinakjoreskole.no\/wp-content\/uploads\/2024\/07\/Erik07-2-200x300.jpg 200w, https:\/\/kvinakjoreskole.no\/wp-content\/uploads\/2024\/07\/Erik07-2-768x1152.jpg 768w, https:\/\/kvinakjoreskole.no\/wp-content\/uploads\/2024\/07\/Erik07-2-1024x1536.jpg 1024w, https:\/\/kvinakjoreskole.no\/wp-content\/uploads\/2024\/07\/Erik07-2.jpg 1181w\" sizes=\"(max-width: 676px) 100vw, 676px\" \/>\t\t\t\t\t\t\t\t\t\t\t\t\t\t\t<\/div>\n\t\t\t\t<\/div>\n\t\t\t\t<\/div>\n\t\t<div class=\"elementor-element elementor-element-9a08740 e-con-full e-flex e-con e-child\" data-id=\"9a08740\" data-element_type=\"container\">\n\t\t\t\t<div class=\"elementor-element elementor-element-a4616ec elementor-widget elementor-widget-text-editor\" data-id=\"a4616ec\" data-element_type=\"widget\" data-widget_type=\"text-editor.default\">\n\t\t\t\t<div class=\"elementor-widget-container\">\n\t\t\t\t\t\t\t\t\t<p>Erik er trafikkl\u00e6rer ved kj\u00f8reskolen<\/p>\n<p>Telefon 47 64 68 71<\/p>\n<p><a href=\"mailto:erik@kvinakjoreskole.no\">erik@kvinakjoreskole.no<\/a><\/p>\t\t\t\t\t\t\t\t<\/div>\n\t\t\t\t<\/div>\n\t\t\t\t<\/div>\n\t\t\t\t\t<\/div>\n\t\t\t\t<\/div>\n\t\t<div class=\"elementor-element elementor-element-eebaff8 e-flex e-con-boxed e-con e-parent\" data-id=\"eebaff8\" data-element_type=\"container\">\n\t\t\t\t\t<div class=\"e-con-inner\">\n\t\t\t\t\t<\/div>\n\t\t\t\t<\/div>\n\t\t\t\t<\/div>\n\t\t","protected":false},"excerpt":{"rendered":"<p>Lars Versland Lars er daglig og faglig leder samt trafikkl\u00e6rer ved kj\u00f8reskolen. Telefon 97 50 41 62 lars@kvinakjoreskole.no Erik Rafoss Erik er trafikkl\u00e6rer ved kj\u00f8reskolen Telefon 47 64 68 71 erik@kvinakjoreskole.no<\/p>\n","protected":false},"author":2,"featured_media":0,"parent":0,"menu_order":0,"comment_status":"closed","ping_status":"closed","template":"","meta":{"footnotes":""},"_links":{"self":[{"href":"https:\/\/kvinakjoreskole.no\/index.php?rest_route=\/wp\/v2\/pages\/56"}],"collection":[{"href":"https:\/\/kvinakjoreskole.no\/index.php?rest_route=\/wp\/v2\/pages"}],"about":[{"href":"https:\/\/kvinakjoreskole.no\/index.php?rest_route=\/wp\/v2\/types\/page"}],"author":[{"embeddable":true,"href":"https:\/\/kvinakjoreskole.no\/index.php?rest_route=\/wp\/v2\/users\/2"}],"replies":[{"embeddable":true,"href":"https:\/\/kvinakjoreskole.no\/index.php?rest_route=%2Fwp%2Fv2%2Fcomments&post=56"}],"version-history":[{"count":6,"href":"https:\/\/kvinakjoreskole.no\/index.php?rest_route=\/wp\/v2\/pages\/56\/revisions"}],"predecessor-version":[{"id":252,"href":"https:\/\/kvinakjoreskole.no\/index.php?rest_route=\/wp\/v2\/pages\/56\/revisions\/252"}],"wp:attachment":[{"href":"https:\/\/kvinakjoreskole.no\/index.php?rest_route=%2Fwp%2Fv2%2Fmedia&parent=56"}],"curies":[{"name":"wp","href":"https:\/\/api.w.org\/{rel}","templated":true}]}}